{"id":457,"date":"2022-06-10T00:40:50","date_gmt":"2022-06-10T00:40:50","guid":{"rendered":"https:\/\/ultreia.world\/medjugorje\/?page_id=457"},"modified":"2022-06-10T00:59:29","modified_gmt":"2022-06-10T00:59:29","slug":"noticias","status":"publish","type":"page","link":"https:\/\/ultreia.world\/medjugorje\/noticias\/","title":{"rendered":"Noticias"},"content":{"rendered":"<p>[vc_row bg_type=\u00bbimage\u00bb bg_image=\u00bb452&#8243; bg_image_type=\u00bbparallax\u00bb color_overlay=\u00bbdark\u00bb opacity_overlay=\u00bb20&#8243; padding_top_multiplier=\u00bbcustom\u00bb padding_bottom_multiplier=\u00bbcustom\u00bb padding_top=\u00bb240px\u00bb padding_bottom=\u00bb240px\u00bb][vc_column]<h2 class=\"grve-element grve-title grve-align-center grve-h2\" style=\"margin-bottom: 0px;\"><span><span style=\"color: #ffffff;\">Noticias<\/span><\/span><\/h2>[\/vc_column][\/vc_row][vc_row bg_type=\u00bbcolor\u00bb padding_top_multiplier=\u00bb2x\u00bb padding_bottom_multiplier=\u00bb2x\u00bb bg_color=\u00bb#f8f8f8&#8243;][vc_column]\t\t<div class=\"grve-element grve-blog grve-blog-columns grve-blog-grid grve-isotope grve-with-gap grve-with-shadow\" style=\"\" data-columns=\"3\" data-columns-large-screen=\"3\" data-columns-tablet-landscape=\"2\" data-columns-tablet-portrait=\"2\" data-columns-mobile=\"1\" data-layout=\"fitRows\" data-spinner=\"no\" data-gutter-size=\"40\">\r\n\t\t\t<div class=\"grve-isotope-container\">\r\n\t\t\t<article class=\"grve-blog-item grve-isotope-item post-463 post type-post status-publish format-standard hentry category-noticias\" itemscope itemType=\"http:\/\/schema.org\/BlogPosting\">\r\n\t\t\t\t<div class=\"grve-blog-item-inner grve-isotope-item-inner\">\r\n\t\t\t\t\t\t\t\t\t\t\t\t\t\t\t\t\t<div class=\"grve-post-content-wrapper\">\r\n\t\t\t\t\t\t\t<div class=\"grve-post-content\">\r\n\t\t\t\t\t\t\t\t<div class=\"grve-post-header\">\r\n\t\t\t\t\t\t\t\t\t\t\t\t\t\t\t\t\t\t\t\t<span class=\"grve-hidden\">\r\n\t\t\t<span class=\"grve-structured-data entry-title\">Vive en la calle desde los 12 a\u00f1os, nunca fue a la escuela y aprendi\u00f3 a leer solo<\/span>\r\n\t\t\t<span class=\"grve-structured-data\" itemprop=\"image\" itemscope itemtype=\"http:\/\/schema.org\/ImageObject\">\r\n\t\t\t   <span itemprop='url' >https:\/\/ultreia.world\/medjugorje\/wp-content\/themes\/movedo\/images\/empty\/thumbnail.jpg<\/span>\r\n\t\t\t   <span itemprop='height' >150<\/span>\r\n\t\t\t   <span itemprop='width' >150<\/span>\r\n\t\t\t<\/span>\r\n\t\t\t\t\t\t<span class=\"grve-structured-data vcard author\" itemprop=\"author\" itemscope itemtype=\"http:\/\/schema.org\/Person\">\r\n\t\t\t\t<span itemprop=\"name\" class=\"fn\">Christian Henr\u00edquez<\/span>\r\n\t\t\t<\/span>\r\n\t\t\t<span class=\"grve-structured-data\" itemprop=\"publisher\" itemscope itemtype=\"http:\/\/schema.org\/Organization\">\r\n\t\t\t\t<span itemprop='name'>Christian Henr\u00edquez<\/span>\r\n\t\t\t\t<span itemprop='logo' itemscope itemtype='http:\/\/schema.org\/ImageObject'>\r\n\t\t\t\t\t<span itemprop='url'>https:\/\/secure.gravatar.com\/avatar\/f533803017850eebc61fb61b864118a2d8c2a55777330a8c837ddccf4d68a541?s=96&#038;d=mm&#038;r=g<\/span>\r\n\t\t\t\t<\/span>\r\n\t\t\t<\/span>\r\n\t\t\t\t\t\t<time class=\"grve-structured-data date published\" itemprop=\"datePublished\" datetime=\"2022-06-10T00:55:37+00:00\">10 junio, 2022<\/time>\r\n\t\t\t<time class=\"grve-structured-data date updated\" itemprop=\"dateModified\"  datetime=\"2022-06-10T01:13:39+00:00\">10 junio, 2022<\/time>\r\n\t\t\t<span class=\"grve-structured-data\" itemprop=\"mainEntityOfPage\" itemscope itemtype=\"http:\/\/schema.org\/WebPage\" itemid=\"https:\/\/ultreia.world\/medjugorje\/vive-en-la-calle-desde-los-12-anos-nunca-fue-a-la-escuela-y-aprendio-a-leer-solo\/\"><\/span>\r\n\t\t<\/span>\r\n\t\t\t\t\t\t\t\t\t\t\t\t\t\t\t\t\t\t\t\t\t\t\t\t\t\t\t\t<a href=\"https:\/\/ultreia.world\/medjugorje\/vive-en-la-calle-desde-los-12-anos-nunca-fue-a-la-escuela-y-aprendio-a-leer-solo\/\" rel=\"bookmark\"><h2 class=\"grve-post-title grve-post-title-hover grve-h5\" itemprop=\"headline\">Vive en la calle desde los 12 a\u00f1os, nunca fue a la escuela y aprendi\u00f3 a leer solo<\/h2><\/a>\t\t\t\t\t\t\t\t<\/div>\r\n\t\t\t\t\t\t\t\t<div itemprop=\"articleBody\"><p>[vc_row bg_type=\u00bbimage\u00bb bg_image_type=\u00bbparallax\u00bb color_overlay=\u00bbdark\u00bb opacity_overlay=\u00bb20&#8243; padding_top_multiplier=\u00bbcustom\u00bb padding_bottom_multiplier=\u00bbcustom\u00bb padding_top=\u00bb150px\u00bb padding_bottom=\u00bb100px\u00bb][vc_column]Vive en la calle desde los 12 a\u00f1os, nunca fue a la escuela y aprendi\u00f3 a leer solo: \u201cLos libros me salvan de momentos oscuros\u201d &#8211; LA NACI\u00d3N[\/vc_column][\/vc_row][vc_row bg_type=\u00bbcolor\u00bb padding_bottom_multiplier=\u00bb2x\u00bb bg_color=\u00bb#f8f8f8&#8243;][vc_column][vc_column_text css=\u00bb.vc_custom_1654822494583{padding-bottom: 25px !important;}\u00bb]De las primeras noches que pas\u00f3 en la calle le qued\u00f3 la sensaci\u00f3n punzante&hellip;<\/p><\/div>\t\t\t\t\t\t\t<\/div>\r\n\t\t\t\t\t\t<\/div>\r\n\t\t\t\t\t\r\n\t\t\t\t<\/div>\t\t\t<\/article>\r\n\r\n\t\t\t<\/div>\r\n\t\t<\/div>\r\n[\/vc_column][\/vc_row]<\/p>\n","protected":false},"excerpt":{"rendered":"<p>[vc_row bg_type=\u00bbimage\u00bb bg_image=\u00bb452&#8243; bg_image_type=\u00bbparallax\u00bb color_overlay=\u00bbdark\u00bb opacity_overlay=\u00bb20&#8243; padding_top_multiplier=\u00bbcustom\u00bb padding_bottom_multiplier=\u00bbcustom\u00bb padding_top=\u00bb240px\u00bb padding_bottom=\u00bb240px\u00bb][vc_column][\/vc_column][\/vc_row][vc_row bg_type=\u00bbcolor\u00bb padding_top_multiplier=\u00bb2x\u00bb padding_bottom_multiplier=\u00bb2x\u00bb bg_color=\u00bb#f8f8f8&#8243;][vc_column][\/vc_column][\/vc_row]<\/p>\n","protected":false},"author":4,"featured_media":0,"parent":0,"menu_order":0,"comment_status":"closed","ping_status":"closed","template":"","meta":{"_joinchat":[],"footnotes":""},"class_list":["post-457","page","type-page","status-publish","hentry"],"yoast_head":"<!-- This site is optimized with the Yoast SEO Premium plugin v20.2.1 (Yoast SEO v20.2.1) - https:\/\/yoast.com\/wordpress\/plugins\/seo\/ -->\n<title>Noticias - Ultreia World<\/title>\n<meta name=\"robots\" content=\"index, follow, max-snippet:-1, max-image-preview:large, max-video-preview:-1\" \/>\n<link rel=\"canonical\" href=\"https:\/\/ultreia.world\/medjugorje\/noticias\/\" \/>\n<meta property=\"og:locale\" content=\"es_ES\" \/>\n<meta property=\"og:type\" content=\"article\" \/>\n<meta property=\"og:title\" content=\"Noticias\" \/>\n<meta property=\"og:description\" content=\"[vc_row bg_type=\u00bbimage\u00bb bg_image=\u00bb452&#8243; bg_image_type=\u00bbparallax\u00bb color_overlay=\u00bbdark\u00bb opacity_overlay=\u00bb20&#8243; padding_top_multiplier=\u00bbcustom\u00bb padding_bottom_multiplier=\u00bbcustom\u00bb padding_top=\u00bb240px\u00bb padding_bottom=\u00bb240px\u00bb][vc_column][\/vc_column][\/vc_row][vc_row bg_type=\u00bbcolor\u00bb padding_top_multiplier=\u00bb2x\u00bb padding_bottom_multiplier=\u00bb2x\u00bb bg_color=\u00bb#f8f8f8&#8243;][vc_column][\/vc_column][\/vc_row]\" \/>\n<meta property=\"og:url\" content=\"https:\/\/ultreia.world\/medjugorje\/noticias\/\" \/>\n<meta property=\"og:site_name\" content=\"Ultreia World\" \/>\n<meta property=\"article:modified_time\" content=\"2022-06-10T00:59:29+00:00\" \/>\n<meta property=\"og:image\" content=\"https:\/\/ultreia.world\/medjugorje\/wp-content\/uploads\/2023\/03\/preview.jpg\" \/>\n\t<meta property=\"og:image:width\" content=\"1200\" \/>\n\t<meta property=\"og:image:height\" content=\"675\" \/>\n\t<meta property=\"og:image:type\" content=\"image\/jpeg\" \/>\n<meta name=\"twitter:card\" content=\"summary_large_image\" \/>\n<meta name=\"twitter:label1\" content=\"Tiempo de lectura\" \/>\n\t<meta name=\"twitter:data1\" content=\"1 minuto\" \/>\n<script type=\"application\/ld+json\" class=\"yoast-schema-graph\">{\"@context\":\"https:\/\/schema.org\",\"@graph\":[{\"@type\":\"WebPage\",\"@id\":\"https:\/\/ultreia.world\/medjugorje\/noticias\/\",\"url\":\"https:\/\/ultreia.world\/medjugorje\/noticias\/\",\"name\":\"Noticias - Ultreia World\",\"isPartOf\":{\"@id\":\"https:\/\/ultreia.world\/medjugorje\/#website\"},\"datePublished\":\"2022-06-10T00:40:50+00:00\",\"dateModified\":\"2022-06-10T00:59:29+00:00\",\"breadcrumb\":{\"@id\":\"https:\/\/ultreia.world\/medjugorje\/noticias\/#breadcrumb\"},\"inLanguage\":\"es\",\"potentialAction\":[{\"@type\":\"ReadAction\",\"target\":[\"https:\/\/ultreia.world\/medjugorje\/noticias\/\"]}]},{\"@type\":\"BreadcrumbList\",\"@id\":\"https:\/\/ultreia.world\/medjugorje\/noticias\/#breadcrumb\",\"itemListElement\":[{\"@type\":\"ListItem\",\"position\":1,\"name\":\"Portada\",\"item\":\"https:\/\/ultreia.world\/medjugorje\/\"},{\"@type\":\"ListItem\",\"position\":2,\"name\":\"Noticias\"}]},{\"@type\":\"WebSite\",\"@id\":\"https:\/\/ultreia.world\/medjugorje\/#website\",\"url\":\"https:\/\/ultreia.world\/medjugorje\/\",\"name\":\"Ultreia World\",\"description\":\"M\u00e1s all\u00e1 del mundo\",\"publisher\":{\"@id\":\"https:\/\/ultreia.world\/medjugorje\/#organization\"},\"potentialAction\":[{\"@type\":\"SearchAction\",\"target\":{\"@type\":\"EntryPoint\",\"urlTemplate\":\"https:\/\/ultreia.world\/medjugorje\/?s={search_term_string}\"},\"query-input\":\"required name=search_term_string\"}],\"inLanguage\":\"es\"},{\"@type\":\"Organization\",\"@id\":\"https:\/\/ultreia.world\/medjugorje\/#organization\",\"name\":\"Ultreia\",\"url\":\"https:\/\/ultreia.world\/medjugorje\/\",\"logo\":{\"@type\":\"ImageObject\",\"inLanguage\":\"es\",\"@id\":\"https:\/\/ultreia.world\/medjugorje\/#\/schema\/logo\/image\/\",\"url\":\"https:\/\/ultreia.world\/medjugorje\/wp-content\/uploads\/2022\/04\/favicon.png\",\"contentUrl\":\"https:\/\/ultreia.world\/medjugorje\/wp-content\/uploads\/2022\/04\/favicon.png\",\"width\":512,\"height\":512,\"caption\":\"Ultreia\"},\"image\":{\"@id\":\"https:\/\/ultreia.world\/medjugorje\/#\/schema\/logo\/image\/\"}}]}<\/script>\n<!-- \/ Yoast SEO Premium plugin. -->","yoast_head_json":{"title":"Noticias - Ultreia World","robots":{"index":"index","follow":"follow","max-snippet":"max-snippet:-1","max-image-preview":"max-image-preview:large","max-video-preview":"max-video-preview:-1"},"canonical":"https:\/\/ultreia.world\/medjugorje\/noticias\/","og_locale":"es_ES","og_type":"article","og_title":"Noticias","og_description":"[vc_row bg_type=\u00bbimage\u00bb bg_image=\u00bb452&#8243; bg_image_type=\u00bbparallax\u00bb color_overlay=\u00bbdark\u00bb opacity_overlay=\u00bb20&#8243; padding_top_multiplier=\u00bbcustom\u00bb padding_bottom_multiplier=\u00bbcustom\u00bb padding_top=\u00bb240px\u00bb padding_bottom=\u00bb240px\u00bb][vc_column][\/vc_column][\/vc_row][vc_row bg_type=\u00bbcolor\u00bb padding_top_multiplier=\u00bb2x\u00bb padding_bottom_multiplier=\u00bb2x\u00bb bg_color=\u00bb#f8f8f8&#8243;][vc_column][\/vc_column][\/vc_row]","og_url":"https:\/\/ultreia.world\/medjugorje\/noticias\/","og_site_name":"Ultreia World","article_modified_time":"2022-06-10T00:59:29+00:00","og_image":[{"width":1200,"height":675,"url":"https:\/\/ultreia.world\/medjugorje\/wp-content\/uploads\/2023\/03\/preview.jpg","type":"image\/jpeg"}],"twitter_card":"summary_large_image","twitter_misc":{"Tiempo de lectura":"1 minuto"},"schema":{"@context":"https:\/\/schema.org","@graph":[{"@type":"WebPage","@id":"https:\/\/ultreia.world\/medjugorje\/noticias\/","url":"https:\/\/ultreia.world\/medjugorje\/noticias\/","name":"Noticias - Ultreia World","isPartOf":{"@id":"https:\/\/ultreia.world\/medjugorje\/#website"},"datePublished":"2022-06-10T00:40:50+00:00","dateModified":"2022-06-10T00:59:29+00:00","breadcrumb":{"@id":"https:\/\/ultreia.world\/medjugorje\/noticias\/#breadcrumb"},"inLanguage":"es","potentialAction":[{"@type":"ReadAction","target":["https:\/\/ultreia.world\/medjugorje\/noticias\/"]}]},{"@type":"BreadcrumbList","@id":"https:\/\/ultreia.world\/medjugorje\/noticias\/#breadcrumb","itemListElement":[{"@type":"ListItem","position":1,"name":"Portada","item":"https:\/\/ultreia.world\/medjugorje\/"},{"@type":"ListItem","position":2,"name":"Noticias"}]},{"@type":"WebSite","@id":"https:\/\/ultreia.world\/medjugorje\/#website","url":"https:\/\/ultreia.world\/medjugorje\/","name":"Ultreia World","description":"M\u00e1s all\u00e1 del mundo","publisher":{"@id":"https:\/\/ultreia.world\/medjugorje\/#organization"},"potentialAction":[{"@type":"SearchAction","target":{"@type":"EntryPoint","urlTemplate":"https:\/\/ultreia.world\/medjugorje\/?s={search_term_string}"},"query-input":"required name=search_term_string"}],"inLanguage":"es"},{"@type":"Organization","@id":"https:\/\/ultreia.world\/medjugorje\/#organization","name":"Ultreia","url":"https:\/\/ultreia.world\/medjugorje\/","logo":{"@type":"ImageObject","inLanguage":"es","@id":"https:\/\/ultreia.world\/medjugorje\/#\/schema\/logo\/image\/","url":"https:\/\/ultreia.world\/medjugorje\/wp-content\/uploads\/2022\/04\/favicon.png","contentUrl":"https:\/\/ultreia.world\/medjugorje\/wp-content\/uploads\/2022\/04\/favicon.png","width":512,"height":512,"caption":"Ultreia"},"image":{"@id":"https:\/\/ultreia.world\/medjugorje\/#\/schema\/logo\/image\/"}}]}},"_links":{"self":[{"href":"https:\/\/ultreia.world\/medjugorje\/wp-json\/wp\/v2\/pages\/457","targetHints":{"allow":["GET"]}}],"collection":[{"href":"https:\/\/ultreia.world\/medjugorje\/wp-json\/wp\/v2\/pages"}],"about":[{"href":"https:\/\/ultreia.world\/medjugorje\/wp-json\/wp\/v2\/types\/page"}],"author":[{"embeddable":true,"href":"https:\/\/ultreia.world\/medjugorje\/wp-json\/wp\/v2\/users\/4"}],"replies":[{"embeddable":true,"href":"https:\/\/ultreia.world\/medjugorje\/wp-json\/wp\/v2\/comments?post=457"}],"version-history":[{"count":10,"href":"https:\/\/ultreia.world\/medjugorje\/wp-json\/wp\/v2\/pages\/457\/revisions"}],"predecessor-version":[{"id":482,"href":"https:\/\/ultreia.world\/medjugorje\/wp-json\/wp\/v2\/pages\/457\/revisions\/482"}],"wp:attachment":[{"href":"https:\/\/ultreia.world\/medjugorje\/wp-json\/wp\/v2\/media?parent=457"}],"curies":[{"name":"wp","href":"https:\/\/api.w.org\/{rel}","templated":true}]}}