{"id":328,"date":"2022-05-10T21:46:21","date_gmt":"2022-05-10T21:46:21","guid":{"rendered":"https:\/\/ultreia.world\/medjugorje\/?page_id=328"},"modified":"2022-06-15T01:25:01","modified_gmt":"2022-06-15T01:25:01","slug":"dia-6","status":"publish","type":"page","link":"https:\/\/ultreia.world\/medjugorje\/dia-6\/","title":{"rendered":"Dia 6"},"content":{"rendered":"<p>[vc_row bg_type=\u00bbimage\u00bb bg_image=\u00bb505&#8243; bg_image_type=\u00bbparallax\u00bb color_overlay=\u00bbdark\u00bb opacity_overlay=\u00bb20&#8243; padding_top_multiplier=\u00bbcustom\u00bb padding_bottom_multiplier=\u00bbcustom\u00bb desktop_visibility=\u00bbhide\u00bb tablet_visibility=\u00bbhide\u00bb tablet_sm_visibility=\u00bbhide\u00bb padding_top=\u00bb200px\u00bb padding_bottom=\u00bb200px\u00bb][vc_column]<h2 class=\"grve-element grve-title grve-align-center grve-h2\" style=\"margin-bottom: 0px;\"><span><span style=\"color: #ffffff;\">D\u00eda 6<\/span><\/span><\/h2>[\/vc_column][\/vc_row][vc_row bg_type=\u00bbimage\u00bb bg_image=\u00bb420&#8243; bg_image_type=\u00bbparallax\u00bb color_overlay=\u00bbdark\u00bb opacity_overlay=\u00bb20&#8243; padding_top_multiplier=\u00bbcustom\u00bb padding_bottom_multiplier=\u00bbcustom\u00bb mobile_visibility=\u00bbhide\u00bb padding_top=\u00bb200px\u00bb padding_bottom=\u00bb200px\u00bb][vc_column]<h2 class=\"grve-element grve-title grve-align-center grve-h2\" style=\"margin-bottom: 0px;\"><span><span style=\"color: #ffffff;\">D\u00eda 6<\/span><\/span><\/h2>[\/vc_column][\/vc_row][vc_row padding_top_multiplier=\u00bb2x\u00bb padding_bottom_multiplier=\u00bb2x\u00bb][vc_column][vc_row_inner][vc_column_inner width=\u00bb1\/2&#8243;]<div class=\"grve-element grve-box-icon grve-medium grve-side-icon grve-align-left\" style=\"margin-bottom: 25px;\"><div class=\"grve-image-icon\"><img loading=\"lazy\" decoding=\"async\" width=\"512\" height=\"512\" src=\"https:\/\/ultreia.world\/medjugorje\/wp-content\/uploads\/2022\/04\/favicon.png\" class=\"attachment-full size-full\" alt=\"\" srcset=\"https:\/\/ultreia.world\/medjugorje\/wp-content\/uploads\/2022\/04\/favicon.png 512w, https:\/\/ultreia.world\/medjugorje\/wp-content\/uploads\/2022\/04\/favicon-300x300.png 300w, https:\/\/ultreia.world\/medjugorje\/wp-content\/uploads\/2022\/04\/favicon-150x150.png 150w\" sizes=\"auto, (max-width: 512px) 100vw, 512px\" \/><\/div><div class=\"grve-box-content\"><div class=\"grve-box-title-wrapper\"><h3 class=\"grve-box-title grve-h5\">Visita a la Comunit\u00e0 Cenacolo<\/h3><\/div>  <p class=\"\">Visita a la Comunidad Cenacolo, con testimonios de conversi\u00f3n de j\u00f3venes que se recuperaron de sus adicciones.<\/p><\/div><\/div><div class=\"grve-element grve-box-icon grve-medium grve-side-icon grve-align-left\" style=\"margin-bottom: 25px;\"><div class=\"grve-image-icon\"><img loading=\"lazy\" decoding=\"async\" width=\"512\" height=\"512\" src=\"https:\/\/ultreia.world\/medjugorje\/wp-content\/uploads\/2022\/04\/favicon.png\" class=\"attachment-full size-full\" alt=\"\" srcset=\"https:\/\/ultreia.world\/medjugorje\/wp-content\/uploads\/2022\/04\/favicon.png 512w, https:\/\/ultreia.world\/medjugorje\/wp-content\/uploads\/2022\/04\/favicon-300x300.png 300w, https:\/\/ultreia.world\/medjugorje\/wp-content\/uploads\/2022\/04\/favicon-150x150.png 150w\" sizes=\"auto, (max-width: 512px) 100vw, 512px\" \/><\/div><div class=\"grve-box-content\"><div class=\"grve-box-title-wrapper\"><h3 class=\"grve-box-title grve-h5\">Santuario de Me\u0111ugorje<\/h3><\/div>  <p class=\"\">Visitas diarias al Santuario, donde se encuentra la imagen venerada de la Virgen y el Cristo Resucitado, del cual mana agua de su rodilla.<\/p><\/div><\/div><div class=\"grve-element grve-box-icon grve-medium grve-side-icon grve-align-left\" style=\"margin-bottom: 25px;\"><div class=\"grve-image-icon\"><img loading=\"lazy\" decoding=\"async\" width=\"512\" height=\"512\" src=\"https:\/\/ultreia.world\/medjugorje\/wp-content\/uploads\/2022\/04\/favicon.png\" class=\"attachment-full size-full\" alt=\"\" srcset=\"https:\/\/ultreia.world\/medjugorje\/wp-content\/uploads\/2022\/04\/favicon.png 512w, https:\/\/ultreia.world\/medjugorje\/wp-content\/uploads\/2022\/04\/favicon-300x300.png 300w, https:\/\/ultreia.world\/medjugorje\/wp-content\/uploads\/2022\/04\/favicon-150x150.png 150w\" sizes=\"auto, (max-width: 512px) 100vw, 512px\" \/><\/div><div class=\"grve-box-content\"><div class=\"grve-box-title-wrapper\"><h3 class=\"grve-box-title grve-h5\">Confesiones diarias<\/h3><\/div>  <p class=\"\">Confesiones diarias en todos los idiomas, con sacerdotes provenientes de distintos pa\u00edses del mundo.<\/p><\/div><\/div><div class=\"grve-element grve-box-icon grve-medium grve-side-icon grve-align-left\" style=\"margin-bottom: 25px;\"><div class=\"grve-image-icon\"><img loading=\"lazy\" decoding=\"async\" width=\"512\" height=\"512\" src=\"https:\/\/ultreia.world\/medjugorje\/wp-content\/uploads\/2022\/04\/favicon.png\" class=\"attachment-full size-full\" alt=\"\" srcset=\"https:\/\/ultreia.world\/medjugorje\/wp-content\/uploads\/2022\/04\/favicon.png 512w, https:\/\/ultreia.world\/medjugorje\/wp-content\/uploads\/2022\/04\/favicon-300x300.png 300w, https:\/\/ultreia.world\/medjugorje\/wp-content\/uploads\/2022\/04\/favicon-150x150.png 150w\" sizes=\"auto, (max-width: 512px) 100vw, 512px\" \/><\/div><div class=\"grve-box-content\"><div class=\"grve-box-title-wrapper\"><h3 class=\"grve-box-title grve-h5\">Adoraci\u00f3n al Sant\u00edsimo<\/h3><\/div>  <p class=\"\">Adoraci\u00f3n al Sant\u00edsimo, todos los d\u00edas, despu\u00e9s de la Santa Misa, en el Santuario de Me\u0111ugorje.<\/p><\/div><\/div>[\/vc_column_inner][vc_column_inner width=\u00bb1\/2&#8243;]<div class=\"grve-element grve-image grve-align-center\" style=\"\">  <div class=\"grve-image-wrapper\"><img loading=\"lazy\" decoding=\"async\" width=\"570\" height=\"430\" src=\"https:\/\/ultreia.world\/medjugorje\/wp-content\/uploads\/2022\/06\/dia-6-img.jpg\" class=\"attachment-full size-full\" alt=\"\" srcset=\"https:\/\/ultreia.world\/medjugorje\/wp-content\/uploads\/2022\/06\/dia-6-img.jpg 570w, https:\/\/ultreia.world\/medjugorje\/wp-content\/uploads\/2022\/06\/dia-6-img-300x226.jpg 300w\" sizes=\"auto, (max-width: 570px) 100vw, 570px\" \/>   <\/div><\/div>[\/vc_column_inner][\/vc_row_inner][\/vc_column][\/vc_row][vc_row heading_color=\u00bblight\u00bb bg_type=\u00bbimage\u00bb bg_image=\u00bb261&#8243; bg_image_type=\u00bbparallax\u00bb parallax_threshold=\u00bb0.5&#8243; color_overlay=\u00bbdark\u00bb opacity_overlay=\u00bb50&#8243; padding_top_multiplier=\u00bb3x\u00bb padding_bottom_multiplier=\u00bb3x\u00bb separator_top_size=\u00bb60px\u00bb separator_bottom_size=\u00bb60px\u00bb font_color=\u00bb#ffffff\u00bb][vc_column width=\u00bb1\/4&#8243;][\/vc_column][vc_column width=\u00bb1\/2&#8243;]<div class=\"grve-element grve-callout grve-btn-right\" style=\"\">  <div class=\"grve-callout-wrapper\"><h3 class=\"grve-callout-content grve-h4\">Una experiencia de encuentro y sanaci\u00f3n<\/h3>  <\/div>  <div class=\"grve-button-wrapper\"><a href=\"https:\/\/ultreia.world\/medjugorje\/contact\/\" class=\"grve-btn grve-btn-medium grve-square grve-bg-white grve-bg-hover-primary-1\"><span>Cont\u00e1ctanos<\/span><\/a>  <\/div><\/div>[\/vc_column][vc_column width=\u00bb1\/4&#8243;][\/vc_column][\/vc_row]<\/p>\n","protected":false},"excerpt":{"rendered":"<p>[vc_row bg_type=\u00bbimage\u00bb bg_image=\u00bb505&#8243; bg_image_type=\u00bbparallax\u00bb color_overlay=\u00bbdark\u00bb opacity_overlay=\u00bb20&#8243; padding_top_multiplier=\u00bbcustom\u00bb padding_bottom_multiplier=\u00bbcustom\u00bb desktop_visibility=\u00bbhide\u00bb tablet_visibility=\u00bbhide\u00bb tablet_sm_visibility=\u00bbhide\u00bb padding_top=\u00bb200px\u00bb padding_bottom=\u00bb200px\u00bb][vc_column][\/vc_column][\/vc_row][vc_row bg_type=\u00bbimage\u00bb bg_image=\u00bb420&#8243; bg_image_type=\u00bbparallax\u00bb color_overlay=\u00bbdark\u00bb opacity_overlay=\u00bb20&#8243; padding_top_multiplier=\u00bbcustom\u00bb padding_bottom_multiplier=\u00bbcustom\u00bb mobile_visibility=\u00bbhide\u00bb padding_top=\u00bb200px\u00bb padding_bottom=\u00bb200px\u00bb][vc_column][\/vc_column][\/vc_row][vc_row padding_top_multiplier=\u00bb2x\u00bb padding_bottom_multiplier=\u00bb2x\u00bb][vc_column][vc_row_inner][vc_column_inner width=\u00bb1\/2&#8243;][\/vc_column_inner][vc_column_inner width=\u00bb1\/2&#8243;][\/vc_column_inner][\/vc_row_inner][\/vc_column][\/vc_row][vc_row heading_color=\u00bblight\u00bb bg_type=\u00bbimage\u00bb bg_image=\u00bb261&#8243; bg_image_type=\u00bbparallax\u00bb parallax_threshold=\u00bb0.5&#8243; color_overlay=\u00bbdark\u00bb opacity_overlay=\u00bb50&#8243; padding_top_multiplier=\u00bb3x\u00bb padding_bottom_multiplier=\u00bb3x\u00bb separator_top_size=\u00bb60px\u00bb separator_bottom_size=\u00bb60px\u00bb font_color=\u00bb#ffffff\u00bb][vc_column width=\u00bb1\/4&#8243;][\/vc_column][vc_column width=\u00bb1\/2&#8243;][\/vc_column][vc_column width=\u00bb1\/4&#8243;][\/vc_column][\/vc_row]<\/p>\n","protected":false},"author":4,"featured_media":0,"parent":0,"menu_order":0,"comment_status":"closed","ping_status":"closed","template":"","meta":{"_joinchat":[],"footnotes":""},"class_list":["post-328","page","type-page","status-publish","hentry"],"yoast_head":"<!-- This site is optimized with the Yoast SEO Premium plugin v20.2.1 (Yoast SEO v20.2.1) - https:\/\/yoast.com\/wordpress\/plugins\/seo\/ -->\n<title>Dia 6 - Ultreia World<\/title>\n<meta name=\"robots\" content=\"index, follow, max-snippet:-1, max-image-preview:large, max-video-preview:-1\" \/>\n<link rel=\"canonical\" href=\"https:\/\/ultreia.world\/medjugorje\/dia-6\/\" \/>\n<meta property=\"og:locale\" content=\"es_ES\" \/>\n<meta property=\"og:type\" content=\"article\" \/>\n<meta property=\"og:title\" content=\"Dia 6\" \/>\n<meta property=\"og:description\" content=\"[vc_row bg_type=\u00bbimage\u00bb bg_image=\u00bb505&#8243; bg_image_type=\u00bbparallax\u00bb color_overlay=\u00bbdark\u00bb opacity_overlay=\u00bb20&#8243; padding_top_multiplier=\u00bbcustom\u00bb padding_bottom_multiplier=\u00bbcustom\u00bb desktop_visibility=\u00bbhide\u00bb tablet_visibility=\u00bbhide\u00bb tablet_sm_visibility=\u00bbhide\u00bb padding_top=\u00bb200px\u00bb padding_bottom=\u00bb200px\u00bb][vc_column][\/vc_column][\/vc_row][vc_row bg_type=\u00bbimage\u00bb bg_image=\u00bb420&#8243; bg_image_type=\u00bbparallax\u00bb color_overlay=\u00bbdark\u00bb opacity_overlay=\u00bb20&#8243; padding_top_multiplier=\u00bbcustom\u00bb padding_bottom_multiplier=\u00bbcustom\u00bb mobile_visibility=\u00bbhide\u00bb padding_top=\u00bb200px\u00bb padding_bottom=\u00bb200px\u00bb][vc_column][\/vc_column][\/vc_row][vc_row padding_top_multiplier=\u00bb2x\u00bb padding_bottom_multiplier=\u00bb2x\u00bb][vc_column][vc_row_inner][vc_column_inner width=\u00bb1\/2&#8243;][\/vc_column_inner][vc_column_inner width=\u00bb1\/2&#8243;][\/vc_column_inner][\/vc_row_inner][\/vc_column][\/vc_row][vc_row heading_color=\u00bblight\u00bb bg_type=\u00bbimage\u00bb bg_image=\u00bb261&#8243; bg_image_type=\u00bbparallax\u00bb parallax_threshold=\u00bb0.5&#8243; color_overlay=\u00bbdark\u00bb opacity_overlay=\u00bb50&#8243; padding_top_multiplier=\u00bb3x\u00bb padding_bottom_multiplier=\u00bb3x\u00bb separator_top_size=\u00bb60px\u00bb separator_bottom_size=\u00bb60px\u00bb font_color=\u00bb#ffffff\u00bb][vc_column width=\u00bb1\/4&#8243;][\/vc_column][vc_column width=\u00bb1\/2&#8243;][\/vc_column][vc_column width=\u00bb1\/4&#8243;][\/vc_column][\/vc_row]\" \/>\n<meta property=\"og:url\" content=\"https:\/\/ultreia.world\/medjugorje\/dia-6\/\" \/>\n<meta property=\"og:site_name\" content=\"Ultreia World\" \/>\n<meta property=\"article:modified_time\" content=\"2022-06-15T01:25:01+00:00\" \/>\n<meta property=\"og:image\" content=\"https:\/\/ultreia.world\/medjugorje\/wp-content\/uploads\/2023\/03\/preview.jpg\" \/>\n\t<meta property=\"og:image:width\" content=\"1200\" \/>\n\t<meta property=\"og:image:height\" content=\"675\" \/>\n\t<meta property=\"og:image:type\" content=\"image\/jpeg\" \/>\n<meta name=\"twitter:card\" content=\"summary_large_image\" \/>\n<meta name=\"twitter:label1\" content=\"Tiempo de lectura\" \/>\n\t<meta name=\"twitter:data1\" content=\"1 minuto\" \/>\n<script type=\"application\/ld+json\" class=\"yoast-schema-graph\">{\"@context\":\"https:\/\/schema.org\",\"@graph\":[{\"@type\":\"WebPage\",\"@id\":\"https:\/\/ultreia.world\/medjugorje\/dia-6\/\",\"url\":\"https:\/\/ultreia.world\/medjugorje\/dia-6\/\",\"name\":\"Dia 6 - Ultreia World\",\"isPartOf\":{\"@id\":\"https:\/\/ultreia.world\/medjugorje\/#website\"},\"datePublished\":\"2022-05-10T21:46:21+00:00\",\"dateModified\":\"2022-06-15T01:25:01+00:00\",\"breadcrumb\":{\"@id\":\"https:\/\/ultreia.world\/medjugorje\/dia-6\/#breadcrumb\"},\"inLanguage\":\"es\",\"potentialAction\":[{\"@type\":\"ReadAction\",\"target\":[\"https:\/\/ultreia.world\/medjugorje\/dia-6\/\"]}]},{\"@type\":\"BreadcrumbList\",\"@id\":\"https:\/\/ultreia.world\/medjugorje\/dia-6\/#breadcrumb\",\"itemListElement\":[{\"@type\":\"ListItem\",\"position\":1,\"name\":\"Portada\",\"item\":\"https:\/\/ultreia.world\/medjugorje\/\"},{\"@type\":\"ListItem\",\"position\":2,\"name\":\"Dia 6\"}]},{\"@type\":\"WebSite\",\"@id\":\"https:\/\/ultreia.world\/medjugorje\/#website\",\"url\":\"https:\/\/ultreia.world\/medjugorje\/\",\"name\":\"Ultreia World\",\"description\":\"M\u00e1s all\u00e1 del mundo\",\"publisher\":{\"@id\":\"https:\/\/ultreia.world\/medjugorje\/#organization\"},\"potentialAction\":[{\"@type\":\"SearchAction\",\"target\":{\"@type\":\"EntryPoint\",\"urlTemplate\":\"https:\/\/ultreia.world\/medjugorje\/?s={search_term_string}\"},\"query-input\":\"required name=search_term_string\"}],\"inLanguage\":\"es\"},{\"@type\":\"Organization\",\"@id\":\"https:\/\/ultreia.world\/medjugorje\/#organization\",\"name\":\"Ultreia\",\"url\":\"https:\/\/ultreia.world\/medjugorje\/\",\"logo\":{\"@type\":\"ImageObject\",\"inLanguage\":\"es\",\"@id\":\"https:\/\/ultreia.world\/medjugorje\/#\/schema\/logo\/image\/\",\"url\":\"https:\/\/ultreia.world\/medjugorje\/wp-content\/uploads\/2022\/04\/favicon.png\",\"contentUrl\":\"https:\/\/ultreia.world\/medjugorje\/wp-content\/uploads\/2022\/04\/favicon.png\",\"width\":512,\"height\":512,\"caption\":\"Ultreia\"},\"image\":{\"@id\":\"https:\/\/ultreia.world\/medjugorje\/#\/schema\/logo\/image\/\"}}]}<\/script>\n<!-- \/ Yoast SEO Premium plugin. -->","yoast_head_json":{"title":"Dia 6 - Ultreia World","robots":{"index":"index","follow":"follow","max-snippet":"max-snippet:-1","max-image-preview":"max-image-preview:large","max-video-preview":"max-video-preview:-1"},"canonical":"https:\/\/ultreia.world\/medjugorje\/dia-6\/","og_locale":"es_ES","og_type":"article","og_title":"Dia 6","og_description":"[vc_row bg_type=\u00bbimage\u00bb bg_image=\u00bb505&#8243; bg_image_type=\u00bbparallax\u00bb color_overlay=\u00bbdark\u00bb opacity_overlay=\u00bb20&#8243; padding_top_multiplier=\u00bbcustom\u00bb padding_bottom_multiplier=\u00bbcustom\u00bb desktop_visibility=\u00bbhide\u00bb tablet_visibility=\u00bbhide\u00bb tablet_sm_visibility=\u00bbhide\u00bb padding_top=\u00bb200px\u00bb padding_bottom=\u00bb200px\u00bb][vc_column][\/vc_column][\/vc_row][vc_row bg_type=\u00bbimage\u00bb bg_image=\u00bb420&#8243; bg_image_type=\u00bbparallax\u00bb color_overlay=\u00bbdark\u00bb opacity_overlay=\u00bb20&#8243; padding_top_multiplier=\u00bbcustom\u00bb padding_bottom_multiplier=\u00bbcustom\u00bb mobile_visibility=\u00bbhide\u00bb padding_top=\u00bb200px\u00bb padding_bottom=\u00bb200px\u00bb][vc_column][\/vc_column][\/vc_row][vc_row padding_top_multiplier=\u00bb2x\u00bb padding_bottom_multiplier=\u00bb2x\u00bb][vc_column][vc_row_inner][vc_column_inner width=\u00bb1\/2&#8243;][\/vc_column_inner][vc_column_inner width=\u00bb1\/2&#8243;][\/vc_column_inner][\/vc_row_inner][\/vc_column][\/vc_row][vc_row heading_color=\u00bblight\u00bb bg_type=\u00bbimage\u00bb bg_image=\u00bb261&#8243; bg_image_type=\u00bbparallax\u00bb parallax_threshold=\u00bb0.5&#8243; color_overlay=\u00bbdark\u00bb opacity_overlay=\u00bb50&#8243; padding_top_multiplier=\u00bb3x\u00bb padding_bottom_multiplier=\u00bb3x\u00bb separator_top_size=\u00bb60px\u00bb separator_bottom_size=\u00bb60px\u00bb font_color=\u00bb#ffffff\u00bb][vc_column width=\u00bb1\/4&#8243;][\/vc_column][vc_column width=\u00bb1\/2&#8243;][\/vc_column][vc_column width=\u00bb1\/4&#8243;][\/vc_column][\/vc_row]","og_url":"https:\/\/ultreia.world\/medjugorje\/dia-6\/","og_site_name":"Ultreia World","article_modified_time":"2022-06-15T01:25:01+00:00","og_image":[{"width":1200,"height":675,"url":"https:\/\/ultreia.world\/medjugorje\/wp-content\/uploads\/2023\/03\/preview.jpg","type":"image\/jpeg"}],"twitter_card":"summary_large_image","twitter_misc":{"Tiempo de lectura":"1 minuto"},"schema":{"@context":"https:\/\/schema.org","@graph":[{"@type":"WebPage","@id":"https:\/\/ultreia.world\/medjugorje\/dia-6\/","url":"https:\/\/ultreia.world\/medjugorje\/dia-6\/","name":"Dia 6 - Ultreia World","isPartOf":{"@id":"https:\/\/ultreia.world\/medjugorje\/#website"},"datePublished":"2022-05-10T21:46:21+00:00","dateModified":"2022-06-15T01:25:01+00:00","breadcrumb":{"@id":"https:\/\/ultreia.world\/medjugorje\/dia-6\/#breadcrumb"},"inLanguage":"es","potentialAction":[{"@type":"ReadAction","target":["https:\/\/ultreia.world\/medjugorje\/dia-6\/"]}]},{"@type":"BreadcrumbList","@id":"https:\/\/ultreia.world\/medjugorje\/dia-6\/#breadcrumb","itemListElement":[{"@type":"ListItem","position":1,"name":"Portada","item":"https:\/\/ultreia.world\/medjugorje\/"},{"@type":"ListItem","position":2,"name":"Dia 6"}]},{"@type":"WebSite","@id":"https:\/\/ultreia.world\/medjugorje\/#website","url":"https:\/\/ultreia.world\/medjugorje\/","name":"Ultreia World","description":"M\u00e1s all\u00e1 del mundo","publisher":{"@id":"https:\/\/ultreia.world\/medjugorje\/#organization"},"potentialAction":[{"@type":"SearchAction","target":{"@type":"EntryPoint","urlTemplate":"https:\/\/ultreia.world\/medjugorje\/?s={search_term_string}"},"query-input":"required name=search_term_string"}],"inLanguage":"es"},{"@type":"Organization","@id":"https:\/\/ultreia.world\/medjugorje\/#organization","name":"Ultreia","url":"https:\/\/ultreia.world\/medjugorje\/","logo":{"@type":"ImageObject","inLanguage":"es","@id":"https:\/\/ultreia.world\/medjugorje\/#\/schema\/logo\/image\/","url":"https:\/\/ultreia.world\/medjugorje\/wp-content\/uploads\/2022\/04\/favicon.png","contentUrl":"https:\/\/ultreia.world\/medjugorje\/wp-content\/uploads\/2022\/04\/favicon.png","width":512,"height":512,"caption":"Ultreia"},"image":{"@id":"https:\/\/ultreia.world\/medjugorje\/#\/schema\/logo\/image\/"}}]}},"_links":{"self":[{"href":"https:\/\/ultreia.world\/medjugorje\/wp-json\/wp\/v2\/pages\/328","targetHints":{"allow":["GET"]}}],"collection":[{"href":"https:\/\/ultreia.world\/medjugorje\/wp-json\/wp\/v2\/pages"}],"about":[{"href":"https:\/\/ultreia.world\/medjugorje\/wp-json\/wp\/v2\/types\/page"}],"author":[{"embeddable":true,"href":"https:\/\/ultreia.world\/medjugorje\/wp-json\/wp\/v2\/users\/4"}],"replies":[{"embeddable":true,"href":"https:\/\/ultreia.world\/medjugorje\/wp-json\/wp\/v2\/comments?post=328"}],"version-history":[{"count":7,"href":"https:\/\/ultreia.world\/medjugorje\/wp-json\/wp\/v2\/pages\/328\/revisions"}],"predecessor-version":[{"id":514,"href":"https:\/\/ultreia.world\/medjugorje\/wp-json\/wp\/v2\/pages\/328\/revisions\/514"}],"wp:attachment":[{"href":"https:\/\/ultreia.world\/medjugorje\/wp-json\/wp\/v2\/media?parent=328"}],"curies":[{"name":"wp","href":"https:\/\/api.w.org\/{rel}","templated":true}]}}