{"id":227,"date":"2017-10-23T14:12:56","date_gmt":"2017-10-23T14:12:56","guid":{"rendered":"https:\/\/ultreia.world\/medjugorje\/about\/"},"modified":"2022-06-09T23:18:14","modified_gmt":"2022-06-09T23:18:14","slug":"about","status":"publish","type":"page","link":"https:\/\/ultreia.world\/medjugorje\/about\/","title":{"rendered":"Nosotros"},"content":{"rendered":"<p>[vc_row bg_type=\u00bbimage\u00bb bg_image=\u00bb420&#8243; bg_image_type=\u00bbparallax\u00bb color_overlay=\u00bbdark\u00bb opacity_overlay=\u00bb20&#8243; padding_top_multiplier=\u00bbcustom\u00bb padding_bottom_multiplier=\u00bbcustom\u00bb padding_top=\u00bb240px\u00bb padding_bottom=\u00bb240px\u00bb][vc_column]<h2 class=\"grve-element grve-title grve-align-center grve-h2\" style=\"margin-bottom: 0px;\"><span><span style=\"color: #ffffff;\">Me\u0111jugorje: la alegr\u00eda sin cansancio<\/span><\/span><\/h2>[\/vc_column][\/vc_row][vc_row heading_color=\u00bbdark\u00bb padding_top_multiplier=\u00bb3x\u00bb padding_bottom_multiplier=\u00bb3x\u00bb columns_gap=\u00bb60&#8243; font_color=\u00bb#000000&#8243;][vc_column width=\u00bb1\/6&#8243;][\/vc_column][vc_column width=\u00bb2\/3&#8243;]<h2 class=\"grve-element grve-title grve-align-center grve-h2\" style=\"margin-bottom: 0px;\"><span>Me\u0111ugorje es aquel lugar donde uno puede \u201cliberarse\u201d de todas sus cadenas\u2026<\/span><\/h2><div class=\"grve-element grve-divider grve-align-center\" style=\"padding-top: 24px;padding-bottom: 24px;\"><span class=\"grve-custom-divider grve-bg-primary-1\" style=\"width: 90px;height: 3px;\"><\/span><\/div>[vc_column_text text_style=\u00bbleader-text\u00bb]<\/p>\n<p style=\"text-align: center;\">Aquellas pesadas cargas que uno ten\u00eda sobre sus hombros, durante tantos a\u00f1os. Me\u0111jugorje es un manantial de paz, de amor y sanaci\u00f3n, un refugio, una casa, un hogar.<\/p>\n<p>[\/vc_column_text][\/vc_column][vc_column width=\u00bb1\/6&#8243;][\/vc_column][vc_column]<div class=\"grve-empty-space grve-height-3x\" style=\"\"><\/div>[\/vc_column][vc_column width=\u00bb1\/3&#8243;]<div class=\"grve-element grve-image grve-align-center\" style=\"\">  <div class=\"grve-image-wrapper\"><img loading=\"lazy\" decoding=\"async\" width=\"200\" height=\"200\" src=\"https:\/\/ultreia.world\/medjugorje\/wp-content\/uploads\/2022\/06\/sobre-nosotros-img-1.png\" class=\"attachment-full size-full\" alt=\"\" srcset=\"https:\/\/ultreia.world\/medjugorje\/wp-content\/uploads\/2022\/06\/sobre-nosotros-img-1.png 1x,https:\/\/ultreia.world\/medjugorje\/wp-content\/uploads\/2022\/06\/sobre-nosotros-img-1.png 2x\" \/>   <\/div><\/div><div class=\"grve-empty-space grve-height-1x\" style=\"\"><\/div><h3 class=\"grve-element grve-title grve-align-center grve-h5\" style=\"\"><span>Hogar de la Virgen<\/span><\/h3>[vc_column_text]<\/p>\n<p style=\"text-align: center;\">La Virgen de Me\u0111ugorje no pide nada a cambio para sanarnos; simplemente \u201cestar all\u00ed\u201d y abrir el coraz\u00f3n, para colmarnos tanto que, sencillamente, no podremos decir \u201cadi\u00f3s\u201d.<\/p>\n<p>[\/vc_column_text][\/vc_column][vc_column width=\u00bb1\/3&#8243;]<div class=\"grve-element grve-image grve-align-center\" style=\"\">  <div class=\"grve-image-wrapper\"><img loading=\"lazy\" decoding=\"async\" width=\"200\" height=\"200\" src=\"https:\/\/ultreia.world\/medjugorje\/wp-content\/uploads\/2022\/06\/sobre-nosotros-img-3.png\" class=\"attachment-full size-full\" alt=\"\" srcset=\"https:\/\/ultreia.world\/medjugorje\/wp-content\/uploads\/2022\/06\/sobre-nosotros-img-3.png 1x,https:\/\/ultreia.world\/medjugorje\/wp-content\/uploads\/2022\/06\/sobre-nosotros-img-3.png 2x\" \/>   <\/div><\/div><div class=\"grve-empty-space grve-height-1x\" style=\"\"><\/div><h3 class=\"grve-element grve-title grve-align-center grve-h5\" style=\"\"><span>Me\u0111ugorje es aquel lugar que todos so\u00f1amos<\/span><\/h3>[vc_column_text]<\/p>\n<p style=\"text-align: center;\">Me\u0111ugorje es aquel sue\u00f1o que, por fin, \u201cexiste\u201d y se hace realidad un d\u00eda y que por fin \u201cexiste\u201d y se hace realidad un d\u00eda. Y, quiz\u00e1s, en tan solos unos d\u00edas, que parecer\u00e1n un regalo de la \u201ceternidad\u201d, uno pueda descubrir, por fin, que est\u00e1 vivo y que Dios nos ama, nos perdona, y, por sobre todas las cosas, nos sana, por su infinita Misericordia.<\/p>\n<p>[\/vc_column_text][\/vc_column][vc_column width=\u00bb1\/3&#8243;]<div class=\"grve-element grve-image grve-align-center\" style=\"\">  <div class=\"grve-image-wrapper\"><img loading=\"lazy\" decoding=\"async\" width=\"200\" height=\"200\" src=\"https:\/\/ultreia.world\/medjugorje\/wp-content\/uploads\/2022\/06\/sobre-nosotros-img-2.png\" class=\"attachment-full size-full\" alt=\"\" srcset=\"https:\/\/ultreia.world\/medjugorje\/wp-content\/uploads\/2022\/06\/sobre-nosotros-img-2.png 1x,https:\/\/ultreia.world\/medjugorje\/wp-content\/uploads\/2022\/06\/sobre-nosotros-img-2.png 2x\" \/>   <\/div><\/div><div class=\"grve-empty-space grve-height-1x\" style=\"\"><\/div><h3 class=\"grve-element grve-title grve-align-center grve-h5\" style=\"\"><span>Me\u0111jugorje es una ventana al Cielo<\/span><\/h3>[vc_column_text]<\/p>\n<p style=\"text-align: center;\">Un lugar de encuentro y oraci\u00f3n. Aqu\u00ed el alma entra en comuni\u00f3n con Dios, un lugar donde nos haremos \u201cuno\u201d con la Virgen Mar\u00eda.<\/p>\n<p>[\/vc_column_text][\/vc_column][\/vc_row][vc_row heading_color=\u00bblight\u00bb section_type=\u00bbfullwidth\u00bb columns_gap=\u00bbnone\u00bb equal_column_height=\u00bbmiddle-content\u00bb font_color=\u00bb#ffffff\u00bb][vc_column width=\u00bb1\/2&#8243; tablet_sm_width=\u00bb1&#8243; css=\u00bb.vc_custom_1654815356708{background: #abaee9 url(https:\/\/ultreia.world\/medjugorje\/wp-content\/uploads\/2022\/06\/img-nosotros-2.jpg?id=427) !important;background-position: center !important;background-repeat: no-repeat !important;background-size: contain !important;}\u00bb][\/vc_column][vc_column width=\u00bb1\/2&#8243; tablet_sm_width=\u00bb1&#8243; css=\u00bb.vc_custom_1651433562669{padding-right: 7.5% !important;padding-left: 7.5% !important;background-color: #abaee9 !important;}\u00bb]<div class=\"grve-empty-space grve-height-2x\" style=\"\"><\/div><h2 class=\"grve-element grve-title grve-align-center grve-h3\" style=\"margin-bottom: 0px;\"><span>Un poco de historia\u2026<\/span><\/h2><div class=\"grve-element grve-divider grve-align-center\" style=\"padding-top: 24px;padding-bottom: 24px;\"><span class=\"grve-custom-divider grve-bg-primary-1\" style=\"width: 90px;height: 3px;\"><\/span><\/div>[vc_column_text text_style=\u00bbleader-text\u00bb]<\/p>\n<p style=\"text-align: center;\">Me\u0111ugorje es un peque\u00f1o pueblo de vi\u00f1edos, ubicado en Bosnia-Herzegovina. La primera aparici\u00f3n de la Virgen Mar\u00eda fue comunicada el 24 de junio de 1981 por dos ni\u00f1os locales: Ivanka Ivankovi\u0107 y Mirjana Dragicevic. Al d\u00eda siguiente, ellos y otros cuatro ni\u00f1os, Ivan Dragicevic, Vicka Ivankovi\u0107, Marija Pavlovi\u0107 y Jakov Colo, reportaron otra visi\u00f3n en una colina, en el pueblo de Podbrdo. Desde entonces, Medjugorje se ha convertido en uno de los lugares de peregrinaci\u00f3n cat\u00f3licos m\u00e1s populares del mundo. M\u00e1s de 40 millones de personas ya han peregrinado a Medjugorje. Desde el 25 de enero de 1987, la Virgen Mar\u00eda da sus mensajes a todo el mundo, los d\u00edas 25 de cada mes. Si quer\u00e9s conocer el \u00faltimo mensaje de la Virgen y los anteriores, pod\u00e9s hacerlo ingresando en el <a href=\"https:\/\/www.medjugorje.ws\/es\/\" target=\"_blank\" rel=\"noopener\"><strong>sitio web oficial<\/strong><\/a><\/p>\n<p>[\/vc_column_text]<div class=\"grve-empty-space grve-height-2x\" style=\"\"><\/div>[\/vc_column][\/vc_row][vc_row section_id=\u00bbmision\u00bb][vc_column][vc_row_inner][vc_column_inner width=\u00bb1\/4&#8243;][\/vc_column_inner][vc_column_inner width=\u00bb1\/2&#8243;]<h2 class=\"grve-element grve-title grve-align-center grve-h3\" style=\"margin-bottom: 0px;\"><span>NUESTRA MISI\u00d3N<\/span><\/h2>[\/vc_column_inner][vc_column_inner width=\u00bb1\/4&#8243;][\/vc_column_inner][\/vc_row_inner]<div class=\"grve-empty-space grve-height-1x\" style=\"\"><\/div>[vc_column_text el_class=\u00bbtext-mision\u00bb]<\/p>\n<p style=\"text-align: center;\">Ultreia World y Fundaci\u00f3n LumenCor trabajan mancomunadamente para ayudar a personas y familias en situaci\u00f3n de calle y alta vulnerabilidad social. Conoc\u00e9 m\u00e1s acerca de nuestra misi\u00f3n\u2026<\/p>\n<p>[\/vc_column_text][vc_row_inner css=\u00bb.vc_custom_1653951169509{padding-top: 25px !important;}\u00bb][vc_column_inner width=\u00bb1\/2&#8243;]<div class=\"grve-element grve-image grve-align-center\" style=\"\">  <div class=\"grve-image-wrapper\"><img loading=\"lazy\" decoding=\"async\" width=\"158\" height=\"158\" src=\"https:\/\/ultreia.world\/medjugorje\/wp-content\/uploads\/2022\/05\/logo-mision.png\" class=\"attachment-full size-full\" alt=\"\" srcset=\"https:\/\/ultreia.world\/medjugorje\/wp-content\/uploads\/2022\/05\/logo-mision.png 158w, https:\/\/ultreia.world\/medjugorje\/wp-content\/uploads\/2022\/05\/logo-mision-150x150.png 150w\" sizes=\"auto, (max-width: 158px) 100vw, 158px\" \/>   <\/div><\/div>[\/vc_column_inner][vc_column_inner width=\u00bb1\/2&#8243;]<div class=\"grve-element grve-image grve-align-center\" style=\"\">  <div class=\"grve-image-wrapper\"><a href=\"https:\/\/www.lumencor.org\/\"><img loading=\"lazy\" decoding=\"async\" width=\"205\" height=\"158\" src=\"https:\/\/ultreia.world\/medjugorje\/wp-content\/uploads\/2022\/05\/lumencor.png\" class=\"attachment-full size-full\" alt=\"\" \/><\/a>   <\/div><\/div>[\/vc_column_inner][\/vc_row_inner][\/vc_column][\/vc_row][vc_row heading_color=\u00bblight\u00bb bg_type=\u00bbimage\u00bb bg_image=\u00bb261&#8243; bg_image_type=\u00bbparallax\u00bb parallax_threshold=\u00bb0.5&#8243; color_overlay=\u00bbdark\u00bb opacity_overlay=\u00bb50&#8243; padding_top_multiplier=\u00bb3x\u00bb padding_bottom_multiplier=\u00bb3x\u00bb separator_top_size=\u00bb60px\u00bb separator_bottom_size=\u00bb60px\u00bb font_color=\u00bb#ffffff\u00bb][vc_column width=\u00bb1\/4&#8243;][\/vc_column][vc_column width=\u00bb1\/2&#8243;]<div class=\"grve-element grve-callout grve-btn-right\" style=\"\">  <div class=\"grve-callout-wrapper\"><h3 class=\"grve-callout-content grve-h4\">Una experiencia de encuentro y sanaci\u00f3n<\/h3>  <\/div>  <div class=\"grve-button-wrapper\"><a href=\"https:\/\/ultreia.world\/medjugorje\/contact\/\" class=\"grve-btn grve-btn-medium grve-square grve-bg-white grve-bg-hover-primary-1\"><span>Cont\u00e1ctanos<\/span><\/a>  <\/div><\/div>[\/vc_column][vc_column width=\u00bb1\/4&#8243;][\/vc_column][\/vc_row]<\/p>\n","protected":false},"excerpt":{"rendered":"<p>[vc_row bg_type=\u00bbimage\u00bb bg_image=\u00bb420&#8243; bg_image_type=\u00bbparallax\u00bb color_overlay=\u00bbdark\u00bb opacity_overlay=\u00bb20&#8243; padding_top_multiplier=\u00bbcustom\u00bb padding_bottom_multiplier=\u00bbcustom\u00bb padding_top=\u00bb240px\u00bb padding_bottom=\u00bb240px\u00bb][vc_column][\/vc_column][\/vc_row][vc_row heading_color=\u00bbdark\u00bb padding_top_multiplier=\u00bb3x\u00bb padding_bottom_multiplier=\u00bb3x\u00bb columns_gap=\u00bb60&#8243; font_color=\u00bb#000000&#8243;][vc_column width=\u00bb1\/6&#8243;][\/vc_column][vc_column width=\u00bb2\/3&#8243;][vc_column_text text_style=\u00bbleader-text\u00bb] Aquellas pesadas cargas que uno ten\u00eda sobre sus hombros, durante tantos a\u00f1os. Me\u0111jugorje es un manantial de paz, de amor y sanaci\u00f3n, un refugio, una casa, un hogar. [\/vc_column_text][\/vc_column][vc_column width=\u00bb1\/6&#8243;][\/vc_column][vc_column][\/vc_column][vc_column width=\u00bb1\/3&#8243;][vc_column_text] La Virgen de Me\u0111ugorje no pide [&hellip;]<\/p>\n","protected":false},"author":4,"featured_media":0,"parent":0,"menu_order":0,"comment_status":"closed","ping_status":"closed","template":"","meta":{"_joinchat":[],"footnotes":""},"class_list":["post-227","page","type-page","status-publish","hentry"],"yoast_head":"<!-- This site is optimized with the Yoast SEO Premium plugin v20.2.1 (Yoast SEO v20.2.1) - https:\/\/yoast.com\/wordpress\/plugins\/seo\/ -->\n<title>Nosotros - Ultreia World<\/title>\n<meta name=\"robots\" content=\"index, follow, max-snippet:-1, max-image-preview:large, max-video-preview:-1\" \/>\n<link rel=\"canonical\" href=\"https:\/\/ultreia.world\/medjugorje\/about\/\" \/>\n<meta property=\"og:locale\" content=\"es_ES\" \/>\n<meta property=\"og:type\" content=\"article\" \/>\n<meta property=\"og:title\" content=\"Nosotros\" \/>\n<meta property=\"og:description\" content=\"[vc_row bg_type=\u00bbimage\u00bb bg_image=\u00bb420&#8243; bg_image_type=\u00bbparallax\u00bb color_overlay=\u00bbdark\u00bb opacity_overlay=\u00bb20&#8243; padding_top_multiplier=\u00bbcustom\u00bb padding_bottom_multiplier=\u00bbcustom\u00bb padding_top=\u00bb240px\u00bb padding_bottom=\u00bb240px\u00bb][vc_column][\/vc_column][\/vc_row][vc_row heading_color=\u00bbdark\u00bb padding_top_multiplier=\u00bb3x\u00bb padding_bottom_multiplier=\u00bb3x\u00bb columns_gap=\u00bb60&#8243; font_color=\u00bb#000000&#8243;][vc_column width=\u00bb1\/6&#8243;][\/vc_column][vc_column width=\u00bb2\/3&#8243;][vc_column_text text_style=\u00bbleader-text\u00bb] Aquellas pesadas cargas que uno ten\u00eda sobre sus hombros, durante tantos a\u00f1os. Me\u0111jugorje es un manantial de paz, de amor y sanaci\u00f3n, un refugio, una casa, un hogar. [\/vc_column_text][\/vc_column][vc_column width=\u00bb1\/6&#8243;][\/vc_column][vc_column][\/vc_column][vc_column width=\u00bb1\/3&#8243;][vc_column_text] La Virgen de Me\u0111ugorje no pide [&hellip;]\" \/>\n<meta property=\"og:url\" content=\"https:\/\/ultreia.world\/medjugorje\/about\/\" \/>\n<meta property=\"og:site_name\" content=\"Ultreia World\" \/>\n<meta property=\"article:modified_time\" content=\"2022-06-09T23:18:14+00:00\" \/>\n<meta property=\"og:image\" content=\"https:\/\/ultreia.world\/medjugorje\/wp-content\/uploads\/2023\/03\/preview.jpg\" \/>\n\t<meta property=\"og:image:width\" content=\"1200\" \/>\n\t<meta property=\"og:image:height\" content=\"675\" \/>\n\t<meta property=\"og:image:type\" content=\"image\/jpeg\" \/>\n<meta name=\"twitter:card\" content=\"summary_large_image\" \/>\n<meta name=\"twitter:label1\" content=\"Tiempo de lectura\" \/>\n\t<meta name=\"twitter:data1\" content=\"3 minutos\" \/>\n<script type=\"application\/ld+json\" class=\"yoast-schema-graph\">{\"@context\":\"https:\/\/schema.org\",\"@graph\":[{\"@type\":\"WebPage\",\"@id\":\"https:\/\/ultreia.world\/medjugorje\/about\/\",\"url\":\"https:\/\/ultreia.world\/medjugorje\/about\/\",\"name\":\"Nosotros - Ultreia World\",\"isPartOf\":{\"@id\":\"https:\/\/ultreia.world\/medjugorje\/#website\"},\"datePublished\":\"2017-10-23T14:12:56+00:00\",\"dateModified\":\"2022-06-09T23:18:14+00:00\",\"breadcrumb\":{\"@id\":\"https:\/\/ultreia.world\/medjugorje\/about\/#breadcrumb\"},\"inLanguage\":\"es\",\"potentialAction\":[{\"@type\":\"ReadAction\",\"target\":[\"https:\/\/ultreia.world\/medjugorje\/about\/\"]}]},{\"@type\":\"BreadcrumbList\",\"@id\":\"https:\/\/ultreia.world\/medjugorje\/about\/#breadcrumb\",\"itemListElement\":[{\"@type\":\"ListItem\",\"position\":1,\"name\":\"Portada\",\"item\":\"https:\/\/ultreia.world\/medjugorje\/\"},{\"@type\":\"ListItem\",\"position\":2,\"name\":\"Nosotros\"}]},{\"@type\":\"WebSite\",\"@id\":\"https:\/\/ultreia.world\/medjugorje\/#website\",\"url\":\"https:\/\/ultreia.world\/medjugorje\/\",\"name\":\"Ultreia World\",\"description\":\"M\u00e1s all\u00e1 del mundo\",\"publisher\":{\"@id\":\"https:\/\/ultreia.world\/medjugorje\/#organization\"},\"potentialAction\":[{\"@type\":\"SearchAction\",\"target\":{\"@type\":\"EntryPoint\",\"urlTemplate\":\"https:\/\/ultreia.world\/medjugorje\/?s={search_term_string}\"},\"query-input\":\"required name=search_term_string\"}],\"inLanguage\":\"es\"},{\"@type\":\"Organization\",\"@id\":\"https:\/\/ultreia.world\/medjugorje\/#organization\",\"name\":\"Ultreia\",\"url\":\"https:\/\/ultreia.world\/medjugorje\/\",\"logo\":{\"@type\":\"ImageObject\",\"inLanguage\":\"es\",\"@id\":\"https:\/\/ultreia.world\/medjugorje\/#\/schema\/logo\/image\/\",\"url\":\"https:\/\/ultreia.world\/medjugorje\/wp-content\/uploads\/2022\/04\/favicon.png\",\"contentUrl\":\"https:\/\/ultreia.world\/medjugorje\/wp-content\/uploads\/2022\/04\/favicon.png\",\"width\":512,\"height\":512,\"caption\":\"Ultreia\"},\"image\":{\"@id\":\"https:\/\/ultreia.world\/medjugorje\/#\/schema\/logo\/image\/\"}}]}<\/script>\n<!-- \/ Yoast SEO Premium plugin. -->","yoast_head_json":{"title":"Nosotros - Ultreia World","robots":{"index":"index","follow":"follow","max-snippet":"max-snippet:-1","max-image-preview":"max-image-preview:large","max-video-preview":"max-video-preview:-1"},"canonical":"https:\/\/ultreia.world\/medjugorje\/about\/","og_locale":"es_ES","og_type":"article","og_title":"Nosotros","og_description":"[vc_row bg_type=\u00bbimage\u00bb bg_image=\u00bb420&#8243; bg_image_type=\u00bbparallax\u00bb color_overlay=\u00bbdark\u00bb opacity_overlay=\u00bb20&#8243; padding_top_multiplier=\u00bbcustom\u00bb padding_bottom_multiplier=\u00bbcustom\u00bb padding_top=\u00bb240px\u00bb padding_bottom=\u00bb240px\u00bb][vc_column][\/vc_column][\/vc_row][vc_row heading_color=\u00bbdark\u00bb padding_top_multiplier=\u00bb3x\u00bb padding_bottom_multiplier=\u00bb3x\u00bb columns_gap=\u00bb60&#8243; font_color=\u00bb#000000&#8243;][vc_column width=\u00bb1\/6&#8243;][\/vc_column][vc_column width=\u00bb2\/3&#8243;][vc_column_text text_style=\u00bbleader-text\u00bb] Aquellas pesadas cargas que uno ten\u00eda sobre sus hombros, durante tantos a\u00f1os. Me\u0111jugorje es un manantial de paz, de amor y sanaci\u00f3n, un refugio, una casa, un hogar. [\/vc_column_text][\/vc_column][vc_column width=\u00bb1\/6&#8243;][\/vc_column][vc_column][\/vc_column][vc_column width=\u00bb1\/3&#8243;][vc_column_text] La Virgen de Me\u0111ugorje no pide [&hellip;]","og_url":"https:\/\/ultreia.world\/medjugorje\/about\/","og_site_name":"Ultreia World","article_modified_time":"2022-06-09T23:18:14+00:00","og_image":[{"width":1200,"height":675,"url":"https:\/\/ultreia.world\/medjugorje\/wp-content\/uploads\/2023\/03\/preview.jpg","type":"image\/jpeg"}],"twitter_card":"summary_large_image","twitter_misc":{"Tiempo de lectura":"3 minutos"},"schema":{"@context":"https:\/\/schema.org","@graph":[{"@type":"WebPage","@id":"https:\/\/ultreia.world\/medjugorje\/about\/","url":"https:\/\/ultreia.world\/medjugorje\/about\/","name":"Nosotros - Ultreia World","isPartOf":{"@id":"https:\/\/ultreia.world\/medjugorje\/#website"},"datePublished":"2017-10-23T14:12:56+00:00","dateModified":"2022-06-09T23:18:14+00:00","breadcrumb":{"@id":"https:\/\/ultreia.world\/medjugorje\/about\/#breadcrumb"},"inLanguage":"es","potentialAction":[{"@type":"ReadAction","target":["https:\/\/ultreia.world\/medjugorje\/about\/"]}]},{"@type":"BreadcrumbList","@id":"https:\/\/ultreia.world\/medjugorje\/about\/#breadcrumb","itemListElement":[{"@type":"ListItem","position":1,"name":"Portada","item":"https:\/\/ultreia.world\/medjugorje\/"},{"@type":"ListItem","position":2,"name":"Nosotros"}]},{"@type":"WebSite","@id":"https:\/\/ultreia.world\/medjugorje\/#website","url":"https:\/\/ultreia.world\/medjugorje\/","name":"Ultreia World","description":"M\u00e1s all\u00e1 del mundo","publisher":{"@id":"https:\/\/ultreia.world\/medjugorje\/#organization"},"potentialAction":[{"@type":"SearchAction","target":{"@type":"EntryPoint","urlTemplate":"https:\/\/ultreia.world\/medjugorje\/?s={search_term_string}"},"query-input":"required name=search_term_string"}],"inLanguage":"es"},{"@type":"Organization","@id":"https:\/\/ultreia.world\/medjugorje\/#organization","name":"Ultreia","url":"https:\/\/ultreia.world\/medjugorje\/","logo":{"@type":"ImageObject","inLanguage":"es","@id":"https:\/\/ultreia.world\/medjugorje\/#\/schema\/logo\/image\/","url":"https:\/\/ultreia.world\/medjugorje\/wp-content\/uploads\/2022\/04\/favicon.png","contentUrl":"https:\/\/ultreia.world\/medjugorje\/wp-content\/uploads\/2022\/04\/favicon.png","width":512,"height":512,"caption":"Ultreia"},"image":{"@id":"https:\/\/ultreia.world\/medjugorje\/#\/schema\/logo\/image\/"}}]}},"_links":{"self":[{"href":"https:\/\/ultreia.world\/medjugorje\/wp-json\/wp\/v2\/pages\/227","targetHints":{"allow":["GET"]}}],"collection":[{"href":"https:\/\/ultreia.world\/medjugorje\/wp-json\/wp\/v2\/pages"}],"about":[{"href":"https:\/\/ultreia.world\/medjugorje\/wp-json\/wp\/v2\/types\/page"}],"author":[{"embeddable":true,"href":"https:\/\/ultreia.world\/medjugorje\/wp-json\/wp\/v2\/users\/4"}],"replies":[{"embeddable":true,"href":"https:\/\/ultreia.world\/medjugorje\/wp-json\/wp\/v2\/comments?post=227"}],"version-history":[{"count":24,"href":"https:\/\/ultreia.world\/medjugorje\/wp-json\/wp\/v2\/pages\/227\/revisions"}],"predecessor-version":[{"id":428,"href":"https:\/\/ultreia.world\/medjugorje\/wp-json\/wp\/v2\/pages\/227\/revisions\/428"}],"wp:attachment":[{"href":"https:\/\/ultreia.world\/medjugorje\/wp-json\/wp\/v2\/media?parent=227"}],"curies":[{"name":"wp","href":"https:\/\/api.w.org\/{rel}","templated":true}]}}